{"id":986,"date":"2024-09-16T18:20:03","date_gmt":"2024-09-16T18:20:03","guid":{"rendered":"https:\/\/physioatelier.ch\/de\/?page_id=986"},"modified":"2024-10-08T18:56:07","modified_gmt":"2024-10-08T18:56:07","slug":"rahel-noti","status":"publish","type":"page","link":"https:\/\/physioatelier.ch\/de\/about-us\/rahel-noti\/","title":{"rendered":"Rahel Noti"},"content":{"rendered":"<div class=\"div-custom-background\">\n<div class=\"wp-block-image\">\n<figure class=\"aligncenter size-large is-resized\">\n            <img loading=\"lazy\" decoding=\"async\" class=\"img-custom-single wp-image-186\" src=\"https:\/\/physioatelier.ch\/de\/wp-content\/uploads\/ProfilePictureRahel.jpg\" alt=\"\" width=\"512\" height=\"384\"><br \/>\n        <\/figure>\n<\/p><\/div>\n<p>Aufgewachsen bin ich in Vechigen BE, einem kleinen Dorf in der N\u00e4he von Worb. Schon als Kind war ich gerne draussen und bewegte mich viel an der frischen Luft. Diese Freude an der Bewegung begleitet mich bis heute und ich geniesse sie ohne sportliche Ambitionen oder irgendeine Form von Leistungsdruck. Dies m\u00f6chte ich auch meinen Patient*innen weitergeben. <\/p>\n<\/p>\n<p>Meine Ausbildung zur Physiotherapeutin habe ich im Ausbildungszentrum Insel (heutige Berner Fachhochschule Gesundheit) gemacht. Anschliessend arbeitete ich in mehreren Praxen mit dem Schwerpunkt Bewegungsapparat. Berufsbegleitend habe ich eine Ausbildung zur Musiktherapeutin gemacht und arbeite auf diesem Gebiet in einem Schulheim f\u00fcr Kinder mit Verhaltensauff\u00e4lligkeiten und Lernbeeintr\u00e4chtigungen. <\/p>\n<\/p>\n<p>Durch meine beiden therapeutischen Berufe wird mir immer wieder bewusst, wie sehr K\u00f6rper und Psyche zusammenh\u00e4ngen und sich gegenseitig beeinflussen k\u00f6nnen. Dieses Bewusstsein begleitet mich durch meinen Berufsalltag. Auch meine Erfahrungen als Mutter von zwei Kindern fliessen in meine therapeutischen T\u00e4tigkeiten mit ein. Aktuell bin ich dabei, mich auf die Physiotherapie im Bereich des Beckenbodens zu spezialisieren und arbeite mit Freude in diesem neuen Fachgebiet.<\/p>\n<\/p>\n<\/div>\n<p class=\"p-custom\">Ausbildungen \/ Weiterbildungen<\/p>\n<div class=\"content\">\n<hr>\n<div class=\"row\">\n<div class=\"col-sm-2\"><em>2024<\/em><\/div>\n<div class=\"col\">Beckenbodenrehabilitation<\/div>\n<\/p><\/div>\n<hr>\n<div class=\"row\">\n<div class=\"col-sm-2\"><em>2012-2015<\/em><\/div>\n<div class=\"col\">Manuelle Triggerpunkttherapie IMTT<\/div>\n<\/p><\/div>\n<hr>\n<div class=\"row\">\n<div class=\"col-sm-2\"><em>2010-2014<\/em><\/div>\n<div class=\"col\">MAS Klinische Musiktherapie ZHdK<\/div>\n<\/p><\/div>\n<hr>\n<div class=\"row\">\n<div class=\"col-sm-2\"><em>2008-2009<\/em><\/div>\n<div class=\"col\">Manuelle Therapie nach Maitland Level 1<\/div>\n<\/p><\/div>\n<hr>\n<div class=\"row\">\n<div class=\"col-sm-2\"><em>2000-2004<\/em><\/div>\n<div class=\"col\">Ausbildung zur Physiotherapeutin am Ausbildungszentrum Insel in Bern<\/div>\n<\/p><\/div>\n<hr>\n<\/div>\n<p class=\"p-custom\">Arbeitsorte<\/p>\n<div class=\"content\">\n<hr>\n<div class=\"row\">\n<div class=\"col-sm-2\"><em>seit 2024<\/em><\/div>\n<div class=\"col\">Physio Atelier Biel<\/div>\n<\/p><\/div>\n<hr>\n<div class=\"row\">\n<div class=\"col-sm-2\"><em>seit 2014<\/em><\/div>\n<div class=\"col\">Musiktherapeutin im Schulheim Schloss Erlach<\/div>\n<\/p><\/div>\n<hr>\n<div class=\"row\">\n<div class=\"col-sm-2\"><em>2011-2017<\/em><\/div>\n<div class=\"col\">Praxisgemeinschaft Bremgarten<\/div>\n<\/p><\/div>\n<hr>\n<div class=\"row\">\n<div class=\"col-sm-2\"><em>2007<\/em><\/div>\n<div class=\"col\">Physiotherapie Dr. Brunner Thun (Rheumatologie)<\/div>\n<\/p><\/div>\n<hr>\n<div class=\"row\">\n<div class=\"col-sm-2\"><em>2007-2010<\/em><\/div>\n<div class=\"col\">Physiotherapie Simone Spotti Langenthal<\/div>\n<\/p><\/div>\n<hr>\n<div class=\"row\">\n<div class=\"col-sm-2\"><em>2007-2011<\/em><\/div>\n<div class=\"col\">Gesundheitszentrum omega-healthcare Bern<\/div>\n<\/p><\/div>\n<hr>\n<div class=\"row\">\n<div class=\"col-sm-2\"><em>2004-2005<\/em><\/div>\n<div class=\"col\">Team Physio Mobile Kehrsatz<\/div>\n<\/p><\/div>\n<hr>\n<\/div>\n<p class=\"p-custom\">Sprachen<\/p>\n<div class=\"content\">\n<hr>\n<div class=\"row\">\n<div class=\"col-sm-2\"><em>Deutsch<\/em><\/div>\n<div class=\"col\">Muttersprache<\/div>\n<\/p><\/div>\n<hr>\n<div class=\"row\">\n<div class=\"col-sm-2\"><em>Franz\u00f6sisch<\/em><\/div>\n<div class=\"col\">fliessend<\/div>\n<\/p><\/div>\n<hr>\n<div class=\"row\">\n<div class=\"col-sm-2\"><em>Englisch<\/em><\/div>\n<div class=\"col\">fliessend<\/div>\n<\/p><\/div>\n<hr>\n<div class=\"row\">\n<div class=\"col-sm-2\"><em>Italienisch<\/em><\/div>\n<div class=\"col\">gute m\u00fcndliche Kenntnisse<\/div>\n<\/p><\/div>\n<hr>\n<div class=\"row\">\n<div class=\"col-sm-2\"><em>Spanisch<\/em><\/div>\n<div class=\"col\">Grundkenntnisse<\/div>\n<\/p><\/div>\n<hr>\n<\/div>\n","protected":false},"excerpt":{"rendered":"<p>Aufgewachsen bin ich in Vechigen BE, einem kleinen Dorf in der N\u00e4he von Worb. Schon als Kind war ich gerne draussen und bewegte mich viel an der frischen Luft. Diese Freude an der Bewegung begleitet mich bis heute und ich geniesse sie ohne sportliche Ambitionen oder irgendeine Form von Leistungsdruck. Dies m\u00f6chte ich auch meinen [&hellip;]<\/p>\n","protected":false},"author":5,"featured_media":0,"parent":12,"menu_order":1,"comment_status":"closed","ping_status":"closed","template":"","meta":{"footnotes":""},"class_list":["post-986","page","type-page","status-publish","hentry"],"_links":{"self":[{"href":"https:\/\/physioatelier.ch\/de\/wp-json\/wp\/v2\/pages\/986","targetHints":{"allow":["GET"]}}],"collection":[{"href":"https:\/\/physioatelier.ch\/de\/wp-json\/wp\/v2\/pages"}],"about":[{"href":"https:\/\/physioatelier.ch\/de\/wp-json\/wp\/v2\/types\/page"}],"author":[{"embeddable":true,"href":"https:\/\/physioatelier.ch\/de\/wp-json\/wp\/v2\/users\/5"}],"replies":[{"embeddable":true,"href":"https:\/\/physioatelier.ch\/de\/wp-json\/wp\/v2\/comments?post=986"}],"version-history":[{"count":5,"href":"https:\/\/physioatelier.ch\/de\/wp-json\/wp\/v2\/pages\/986\/revisions"}],"predecessor-version":[{"id":1029,"href":"https:\/\/physioatelier.ch\/de\/wp-json\/wp\/v2\/pages\/986\/revisions\/1029"}],"up":[{"embeddable":true,"href":"https:\/\/physioatelier.ch\/de\/wp-json\/wp\/v2\/pages\/12"}],"wp:attachment":[{"href":"https:\/\/physioatelier.ch\/de\/wp-json\/wp\/v2\/media?parent=986"}],"curies":[{"name":"wp","href":"https:\/\/api.w.org\/{rel}","templated":true}]}}

<div class="div-custom-background">
<div class="wp-block-image">
<figure class="aligncenter size-large is-resized">
            <img loading="lazy" decoding="async" class="img-custom-single wp-image-186" src="https://physioatelier.ch/de/wp-content/uploads/ProfilePictureRahel.jpg" alt="" width="512" height="384"><br />
        </figure>
</p></div>
<p>Aufgewachsen bin ich in Vechigen BE, einem kleinen Dorf in der Nähe von Worb. Schon als Kind war ich gerne draussen und bewegte mich viel an der frischen Luft. Diese Freude an der Bewegung begleitet mich bis heute und ich geniesse sie ohne sportliche Ambitionen oder irgendeine Form von Leistungsdruck. Dies möchte ich auch meinen Patient*innen weitergeben. </p>
</p>
<p>Meine Ausbildung zur Physiotherapeutin habe ich im Ausbildungszentrum Insel (heutige Berner Fachhochschule Gesundheit) gemacht. Anschliessend arbeitete ich in mehreren Praxen mit dem Schwerpunkt Bewegungsapparat. Berufsbegleitend habe ich eine Ausbildung zur Musiktherapeutin gemacht und arbeite auf diesem Gebiet in einem Schulheim für Kinder mit Verhaltensauffälligkeiten und Lernbeeinträchtigungen. </p>
</p>
<p>Durch meine beiden therapeutischen Berufe wird mir immer wieder bewusst, wie sehr Körper und Psyche zusammenhängen und sich gegenseitig beeinflussen können. Dieses Bewusstsein begleitet mich durch meinen Berufsalltag. Auch meine Erfahrungen als Mutter von zwei Kindern fliessen in meine therapeutischen Tätigkeiten mit ein. Aktuell bin ich dabei, mich auf die Physiotherapie im Bereich des Beckenbodens zu spezialisieren und arbeite mit Freude in diesem neuen Fachgebiet.</p>
</p>
</div>
<p class="p-custom">Ausbildungen / Weiterbildungen</p>
<div class="content">
<hr>
<div class="row">
<div class="col-sm-2"><em>2024</em></div>
<div class="col">Beckenbodenrehabilitation</div>
</p></div>
<hr>
<div class="row">
<div class="col-sm-2"><em>2012-2015</em></div>
<div class="col">Manuelle Triggerpunkttherapie IMTT</div>
</p></div>
<hr>
<div class="row">
<div class="col-sm-2"><em>2010-2014</em></div>
<div class="col">MAS Klinische Musiktherapie ZHdK</div>
</p></div>
<hr>
<div class="row">
<div class="col-sm-2"><em>2008-2009</em></div>
<div class="col">Manuelle Therapie nach Maitland Level 1</div>
</p></div>
<hr>
<div class="row">
<div class="col-sm-2"><em>2000-2004</em></div>
<div class="col">Ausbildung zur Physiotherapeutin am Ausbildungszentrum Insel in Bern</div>
</p></div>
<hr>
</div>
<p class="p-custom">Arbeitsorte</p>
<div class="content">
<hr>
<div class="row">
<div class="col-sm-2"><em>seit 2024</em></div>
<div class="col">Physio Atelier Biel</div>
</p></div>
<hr>
<div class="row">
<div class="col-sm-2"><em>seit 2014</em></div>
<div class="col">Musiktherapeutin im Schulheim Schloss Erlach</div>
</p></div>
<hr>
<div class="row">
<div class="col-sm-2"><em>2011-2017</em></div>
<div class="col">Praxisgemeinschaft Bremgarten</div>
</p></div>
<hr>
<div class="row">
<div class="col-sm-2"><em>2007</em></div>
<div class="col">Physiotherapie Dr. Brunner Thun (Rheumatologie)</div>
</p></div>
<hr>
<div class="row">
<div class="col-sm-2"><em>2007-2010</em></div>
<div class="col">Physiotherapie Simone Spotti Langenthal</div>
</p></div>
<hr>
<div class="row">
<div class="col-sm-2"><em>2007-2011</em></div>
<div class="col">Gesundheitszentrum omega-healthcare Bern</div>
</p></div>
<hr>
<div class="row">
<div class="col-sm-2"><em>2004-2005</em></div>
<div class="col">Team Physio Mobile Kehrsatz</div>
</p></div>
<hr>
</div>
<p class="p-custom">Sprachen</p>
<div class="content">
<hr>
<div class="row">
<div class="col-sm-2"><em>Deutsch</em></div>
<div class="col">Muttersprache</div>
</p></div>
<hr>
<div class="row">
<div class="col-sm-2"><em>Französisch</em></div>
<div class="col">fliessend</div>
</p></div>
<hr>
<div class="row">
<div class="col-sm-2"><em>Englisch</em></div>
<div class="col">fliessend</div>
</p></div>
<hr>
<div class="row">
<div class="col-sm-2"><em>Italienisch</em></div>
<div class="col">gute mündliche Kenntnisse</div>
</p></div>
<hr>
<div class="row">
<div class="col-sm-2"><em>Spanisch</em></div>
<div class="col">Grundkenntnisse</div>
</p></div>
<hr>
</div>

<p>Aufgewachsen bin ich in Vechigen BE, einem kleinen Dorf in der Nähe von Worb. Schon als Kind war ich gerne draussen und bewegte mich viel an der frischen Luft. Diese Freude an der Bewegung begleitet mich bis heute und ich geniesse sie ohne sportliche Ambitionen oder irgendeine Form von Leistungsdruck. Dies möchte ich auch meinen [&hellip;]</p>
