{"id":223,"date":"2021-04-03T21:40:14","date_gmt":"2021-04-03T21:40:14","guid":{"rendered":"https:\/\/physioatelier.ch\/?page_id=223"},"modified":"2025-12-09T15:16:56","modified_gmt":"2025-12-09T15:16:56","slug":"veronika-gafner","status":"publish","type":"page","link":"https:\/\/physioatelier.ch\/de\/about-us\/veronika-gafner\/","title":{"rendered":"Veronika Wenger"},"content":{"rendered":"\n<div class=\"div-custom-background\">\n<div class=\"wp-block-image\">\n<figure class=\"aligncenter size-large is-resized\">\n            <img fetchpriority=\"high\" decoding=\"async\" class=\"img-custom-single wp-image-186\" src=\"https:\/\/physioatelier.ch\/de\/wp-content\/uploads\/ProfilePictureVeronika-scaled.jpg\" alt=\"\" width=\"512\" height=\"384\"><\/figure>\n<\/div>\n<p>Aufgewachsen bin ich im Aargau, in Gr\u00e4nichen. Die schulische Laufbahn ab Gymnasium habe ich im Wallis an der Sportmittelschule absolviert. Die Leidenschaft f\u00fcr das Gesundheitswesen war bereits fr\u00fch vorhanden, so f\u00fchrte mich der weitere Weg nach Winterthur f\u00fcr das Physiotherapiestudium. Als aktiver und kommunikativer Mensch hat mich die Arbeit am und mit Menschen sehr fasziniert.<\/p>\n<p>Privat bin ich oft und gerne aktiv draussen unterwegs. Der Laufsport begeistert mich immer wieder aufs Neue aber auch  andere Sportarten wie Klettern, Wandern, Langlaufen oder Yoga fehlen nicht. Solange das Soziale und der Spass nicht zu kurz kommen, ist die Art der Aktivit\u00e4t sekund\u00e4r. Seit 2017 bin ich im Seeland und lebe mittlerweile mit Mann und Kind in Br\u00fcgg. Ich habe bereits in vielen Regionen der Schweiz gelebt, Biel und Umgebung ist und bleibt der Favorit. Die freie Art zu Leben und die verschiedenen kulturellen Einfl\u00fcsse gefallen mir sehr.<\/p>\n<p>Stets motiviert meine Arbeit zu verbessern und Neues zu lernen, investiere ich Zeit und Energie in Weiterbildungen und den interprofessionellen Austausch. Nicht nur im Bereich der konventionelle Physiotherapie, sondern auch in der Komplement\u00e4rtherapie. Mit der Akupunktur Massage nach Radloff und der Ausbildung zur Pilatesinstruktorin habe ich mir weitere Werkzeuge f\u00fcr die Arbeit als Therapeutin angeeignet und kann die Behandlungen ganzheitlicher und zielf\u00fchrender gestalten.<\/p>\n<\/div>\n\n\n\n<p class=\"p-custom\">Ausbildungen \/ Weiterbildungen<\/p>\n\n\n\n<div class=\"content\">\n\n<hr>\n    <div class=\"row\">\n        <div class=\"col-sm-2\"><em>2025<\/em><\/div>\n        <div class=\"col\">Dry Needling: Top 30, Winterthur<\/div>\n    <\/div>\n    <hr>\n<div class=\"row\">\n<div class=\"col-sm-2\"><em>2023 &#8211; 2024 <\/em><\/div>\n<div class=\"col\">Vertiefungsmodul Leadership 4.0, Nachdiplomstudium Betriebswirtschaft, Bern<\/div>\n<\/div>\n<hr>\n<div class=\"row\">\n<div class=\"col-sm-2\"><em>2023<\/em><\/div>\n<div class=\"col\">Energetische Osteopathie, LWS, ISG, Becken, Luzern<br>Schwindel, Maja K\u00fcndig, Bern<\/div>\n<\/div>\n<hr>\n<div class=\"row\">\n<div class=\"col-sm-2\"><em>2022<\/em><\/div>\n<div class=\"col\">Wandlungsphasen APM Radloff, Sch\u00f6nenwerd<\/div>\n<\/div>\n<hr>\n<div class=\"row\">\n<div class=\"col-sm-2\"><em>2022<\/em><\/div>\n<div class=\"col\">Cranio Mandibulare Dysfunktionen Kiefergelenk, Bern<\/div>\n<\/div>\n<hr>\n<div class=\"row\">\n<div class=\"col-sm-2\"><em>2020<\/em><\/div>\n<div class=\"col\">S\u00e4uglings- und Kleinkindbehandlung in der Akupunktur Massage nach Radloff, Sch\u00f6nenwerd<\/div>\n<\/div>\n<hr>\n<div class=\"row\">\n<div class=\"col-sm-2\"><em>2019 \u2013 2020<\/em><\/div>\n<div class=\"col\">Akupunktur Massage nach Radloff, Sch\u00f6nenwerd (Abschluss Grundausbildung Juni 2020)<\/div>\n<\/div>\n<hr>\n<div class=\"row\">\n<div class=\"col-sm-2\"><em>2018<\/em><\/div>\n<div class=\"col\">Integration von psychologischen Aspekte in der Physiotherapie, Winterthur<br>Bewegte R\u00fcckbildung, Art of Motion, Bern<\/div>\n<\/div>\n\n<hr>\n<div class=\"row\">\n<div class=\"col-sm-2\"><em>2017<\/em><\/div>\n<div class=\"col\">Manuelle Weiterbildung nach Mulligan \u201eMobilisation with Movement\u201c Modul 1 und 2, Bad S\u00e4ckingen<\/div>\n<\/div>\n<hr>\n<div class=\"row\">\n<div class=\"col-sm-2\"><em>2016 \u2013 2017<\/em><\/div>\n<div class=\"col\">Pilatesausbildung \u201ePractioner of Pilates Mat\u201c, Polestar Pilates Basel<\/div>\n<\/div>\n<hr>\n<div class=\"row\">\n<div class=\"col-sm-2\"><em>2016<\/em><\/div>\n<div class=\"col\">Cranio Mandibulare Dysfunktionen Kiefergelenk, Bad S\u00e4ckingen<\/div>\n<\/div>\n<hr>\n<div class=\"row\">\n<div class=\"col-sm-2\"><em>2012 \u2013 2016<\/em><\/div>\n<div class=\"col\">Bachelor of Science in Physiotherapie, Z\u00fcrcher Hochschule f\u00fcr angewandte Wissenschaften, Winterthur Bachelorarbeit: \u201cNarkosemobilisation und Kapselrelease bei Frozen Shoulder\u201c (Publikation in \u201eManuelle Medizin\u201c im April 2016)<\/div>\n<\/div>\n<hr>\n<\/div>\n\n\n\n<p class=\"p-custom\">Arbeitsorte<\/p>\n\n\n\n<div class=\"content\">\n<hr>\n<div class=\"row\">\n<div class=\"col-sm-2\"><em>Seit 2021<\/em><\/div>\n<div class=\"col\">Gesch\u00e4ftsf\u00fchrerin und Physiotherapeutin im Physio Atelier, Biel<\/div>\n<\/div>\n<hr>\n<div class=\"row\">\n<div class=\"col-sm-2\"><em>2019 \u2013 2021<\/em><\/div>\n<div class=\"col\">physio8 \/ fitness8 \/ diagnostik8, Biel<\/div>\n<\/div>\n<hr>\n<div class=\"row\">\n<div class=\"col-sm-2\"><em>2016 \u2013 2019<\/em><\/div>\n<div class=\"col\">Hirslandenklinik Aarau, alle Fachbereiche station\u00e4r und ambulant<\/div>\n<\/div>\n<hr>\n<\/div>\n\n\n\n<p class=\"p-custom\">Sprachen<\/p>\n\n\n\n<div class=\"content\">\n<hr>\n<div class=\"row\">\n<div class=\"col-sm-2\"><em>Deutsch<\/em><\/div>\n<div class=\"col\">Muttersprache<\/div>\n<\/div>\n<hr>\n<div class=\"row\">\n<div class=\"col-sm-2\"><em>Franz\u00f6sisch<\/em><\/div>\n<div class=\"col\">fliessend<\/div>\n<\/div>\n<hr>\n<div class=\"row\">\n<div class=\"col-sm-2\"><em>Englisch<\/em><\/div>\n<div class=\"col\">fliessend<\/div>\n<\/div>\n<hr>\n<\/div>\n","protected":false},"excerpt":{"rendered":"<p>Aufgewachsen bin ich im Aargau, in Gr\u00e4nichen. Die schulische Laufbahn ab Gymnasium habe ich im Wallis an der Sportmittelschule absolviert. Die Leidenschaft f\u00fcr das Gesundheitswesen war bereits fr\u00fch vorhanden, so f\u00fchrte mich der weitere Weg nach Winterthur f\u00fcr das Physiotherapiestudium. Als aktiver und kommunikativer Mensch hat mich die Arbeit am und mit Menschen sehr fasziniert. [&hellip;]<\/p>\n","protected":false},"author":5,"featured_media":0,"parent":12,"menu_order":1,"comment_status":"closed","ping_status":"closed","template":"","meta":{"footnotes":""},"class_list":["post-223","page","type-page","status-publish","hentry"],"_links":{"self":[{"href":"https:\/\/physioatelier.ch\/de\/wp-json\/wp\/v2\/pages\/223","targetHints":{"allow":["GET"]}}],"collection":[{"href":"https:\/\/physioatelier.ch\/de\/wp-json\/wp\/v2\/pages"}],"about":[{"href":"https:\/\/physioatelier.ch\/de\/wp-json\/wp\/v2\/types\/page"}],"author":[{"embeddable":true,"href":"https:\/\/physioatelier.ch\/de\/wp-json\/wp\/v2\/users\/5"}],"replies":[{"embeddable":true,"href":"https:\/\/physioatelier.ch\/de\/wp-json\/wp\/v2\/comments?post=223"}],"version-history":[{"count":81,"href":"https:\/\/physioatelier.ch\/de\/wp-json\/wp\/v2\/pages\/223\/revisions"}],"predecessor-version":[{"id":1157,"href":"https:\/\/physioatelier.ch\/de\/wp-json\/wp\/v2\/pages\/223\/revisions\/1157"}],"up":[{"embeddable":true,"href":"https:\/\/physioatelier.ch\/de\/wp-json\/wp\/v2\/pages\/12"}],"wp:attachment":[{"href":"https:\/\/physioatelier.ch\/de\/wp-json\/wp\/v2\/media?parent=223"}],"curies":[{"name":"wp","href":"https:\/\/api.w.org\/{rel}","templated":true}]}}

<div class="div-custom-background">
<div class="wp-block-image">
<figure class="aligncenter size-large is-resized">
            <img fetchpriority="high" decoding="async" class="img-custom-single wp-image-186" src="https://physioatelier.ch/de/wp-content/uploads/ProfilePictureVeronika-scaled.jpg" alt="" width="512" height="384"></figure>
</div>
<p>Aufgewachsen bin ich im Aargau, in Gränichen. Die schulische Laufbahn ab Gymnasium habe ich im Wallis an der Sportmittelschule absolviert. Die Leidenschaft für das Gesundheitswesen war bereits früh vorhanden, so führte mich der weitere Weg nach Winterthur für das Physiotherapiestudium. Als aktiver und kommunikativer Mensch hat mich die Arbeit am und mit Menschen sehr fasziniert.</p>
<p>Privat bin ich oft und gerne aktiv draussen unterwegs. Der Laufsport begeistert mich immer wieder aufs Neue aber auch  andere Sportarten wie Klettern, Wandern, Langlaufen oder Yoga fehlen nicht. Solange das Soziale und der Spass nicht zu kurz kommen, ist die Art der Aktivität sekundär. Seit 2017 bin ich im Seeland und lebe mittlerweile mit Mann und Kind in Brügg. Ich habe bereits in vielen Regionen der Schweiz gelebt, Biel und Umgebung ist und bleibt der Favorit. Die freie Art zu Leben und die verschiedenen kulturellen Einflüsse gefallen mir sehr.</p>
<p>Stets motiviert meine Arbeit zu verbessern und Neues zu lernen, investiere ich Zeit und Energie in Weiterbildungen und den interprofessionellen Austausch. Nicht nur im Bereich der konventionelle Physiotherapie, sondern auch in der Komplementärtherapie. Mit der Akupunktur Massage nach Radloff und der Ausbildung zur Pilatesinstruktorin habe ich mir weitere Werkzeuge für die Arbeit als Therapeutin angeeignet und kann die Behandlungen ganzheitlicher und zielführender gestalten.</p>
</div>



<p class="p-custom">Ausbildungen / Weiterbildungen</p>



<div class="content">

<hr>
    <div class="row">
        <div class="col-sm-2"><em>2025</em></div>
        <div class="col">Dry Needling: Top 30, Winterthur</div>
    </div>
    <hr>
<div class="row">
<div class="col-sm-2"><em>2023 &#8211; 2024 </em></div>
<div class="col">Vertiefungsmodul Leadership 4.0, Nachdiplomstudium Betriebswirtschaft, Bern</div>
</div>
<hr>
<div class="row">
<div class="col-sm-2"><em>2023</em></div>
<div class="col">Energetische Osteopathie, LWS, ISG, Becken, Luzern<br>Schwindel, Maja Kündig, Bern</div>
</div>
<hr>
<div class="row">
<div class="col-sm-2"><em>2022</em></div>
<div class="col">Wandlungsphasen APM Radloff, Schönenwerd</div>
</div>
<hr>
<div class="row">
<div class="col-sm-2"><em>2022</em></div>
<div class="col">Cranio Mandibulare Dysfunktionen Kiefergelenk, Bern</div>
</div>
<hr>
<div class="row">
<div class="col-sm-2"><em>2020</em></div>
<div class="col">Säuglings- und Kleinkindbehandlung in der Akupunktur Massage nach Radloff, Schönenwerd</div>
</div>
<hr>
<div class="row">
<div class="col-sm-2"><em>2019 – 2020</em></div>
<div class="col">Akupunktur Massage nach Radloff, Schönenwerd (Abschluss Grundausbildung Juni 2020)</div>
</div>
<hr>
<div class="row">
<div class="col-sm-2"><em>2018</em></div>
<div class="col">Integration von psychologischen Aspekte in der Physiotherapie, Winterthur<br>Bewegte Rückbildung, Art of Motion, Bern</div>
</div>

<hr>
<div class="row">
<div class="col-sm-2"><em>2017</em></div>
<div class="col">Manuelle Weiterbildung nach Mulligan „Mobilisation with Movement“ Modul 1 und 2, Bad Säckingen</div>
</div>
<hr>
<div class="row">
<div class="col-sm-2"><em>2016 – 2017</em></div>
<div class="col">Pilatesausbildung „Practioner of Pilates Mat“, Polestar Pilates Basel</div>
</div>
<hr>
<div class="row">
<div class="col-sm-2"><em>2016</em></div>
<div class="col">Cranio Mandibulare Dysfunktionen Kiefergelenk, Bad Säckingen</div>
</div>
<hr>
<div class="row">
<div class="col-sm-2"><em>2012 – 2016</em></div>
<div class="col">Bachelor of Science in Physiotherapie, Zürcher Hochschule für angewandte Wissenschaften, Winterthur Bachelorarbeit: “Narkosemobilisation und Kapselrelease bei Frozen Shoulder“ (Publikation in „Manuelle Medizin“ im April 2016)</div>
</div>
<hr>
</div>



<p class="p-custom">Arbeitsorte</p>



<div class="content">
<hr>
<div class="row">
<div class="col-sm-2"><em>Seit 2021</em></div>
<div class="col">Geschäftsführerin und Physiotherapeutin im Physio Atelier, Biel</div>
</div>
<hr>
<div class="row">
<div class="col-sm-2"><em>2019 – 2021</em></div>
<div class="col">physio8 / fitness8 / diagnostik8, Biel</div>
</div>
<hr>
<div class="row">
<div class="col-sm-2"><em>2016 – 2019</em></div>
<div class="col">Hirslandenklinik Aarau, alle Fachbereiche stationär und ambulant</div>
</div>
<hr>
</div>



<p class="p-custom">Sprachen</p>



<div class="content">
<hr>
<div class="row">
<div class="col-sm-2"><em>Deutsch</em></div>
<div class="col">Muttersprache</div>
</div>
<hr>
<div class="row">
<div class="col-sm-2"><em>Französisch</em></div>
<div class="col">fliessend</div>
</div>
<hr>
<div class="row">
<div class="col-sm-2"><em>Englisch</em></div>
<div class="col">fliessend</div>
</div>
<hr>
</div>

<p>Aufgewachsen bin ich im Aargau, in Gränichen. Die schulische Laufbahn ab Gymnasium habe ich im Wallis an der Sportmittelschule absolviert. Die Leidenschaft für das Gesundheitswesen war bereits früh vorhanden, so führte mich der weitere Weg nach Winterthur für das Physiotherapiestudium. Als aktiver und kommunikativer Mensch hat mich die Arbeit am und mit Menschen sehr fasziniert. [&hellip;]</p>
